69 + n. Is (g/(-2))/(1/(-2)) a multiple of 23?
True
Suppose x - 5 = 2*d, 0*d + 2*d + 2*x + 8 = 0. Let q be (6 - 20)*3/d. Does 4 divide q + 0/(-2) + -4?
False
Let g = -41 - -46. Suppose -7*a + g*a + 70 = 0. Is 8 a factor of a?
False
Let t(h) = h**3 + 9*h + 2. Let x(i) = 2*i**3 + 17*i + 4. Let s(a) = 11*t(a) - 6*x(a). Let y(g) = -6*g - 63. Let d be y(-10). Does 20 divide s(d)?
False
Let i(f) = 16*f**2 + 74*f - 4. Is 51 a factor of i(6)?
False
Let s = 20 - 29. Let r = -14 - s. Does 4 divide 63/5 - (-3)/r?
True
Suppose -8 = -0*c - 4*c. Does 4 divide (-4)/c + (19 - -11)?
True
Suppose 2*h = h + t + 516, 0 = -2*h - t + 1038. Does 12 divide h?
False
Is 26 a factor of (60/(-30))/((-2)/(-13))*-90?
True
Let w(k) = -4 + 5*k + 6*k - 13*k - 18*k. Let q be w(-12). Suppose -q = -5*d + 334. Is 16 a factor of d?
False
Let y(r) = r**3 + 4*r**2 - 5*r - 3. Let d be y(-7). Does 46 divide d*((2/(-5))/1 + 0)?
True
Let u be (-4 - -6 - 3) + 4. Suppose -111 = -4*x + 5*m, -5*x + 0*m = u*m - 111. Does 6 divide x?
True
Let b(c) = -2407*c**3 - c**2 - 20*c - 20. Is 15 a factor of b(-1)?
False
Let g = -15 - 3. Let o = 23 + g. Suppose 5*j + 0*f - 198 = f, 4*j = -o*f + 141. Is 22 a factor of j?
False
Suppose 12*m - 13338 + 2550 = 0. Is 29 a factor of m?
True
Let a = 63 - 56. Suppose -992 = -5*l + 4*g, 8*l = a*l + g + 199. Is 38 a factor of l?
False
Suppose -o - 20 = -6*o - 3*z, -2*o - 4*z = -8. Suppose -2*f = 5*a - f - 217, 2*f - o = 0. Is 16 a factor of a?
False
Suppose 0 = -0*p - 5*p + 10. Suppose -p*n = -1 - 7. Suppose -n*r + 490 = 3*r. Does 19 divide r?
False
Let x(a) be the third derivative of a**6/120 + 2*a**5/15 + 5*a**4/12 + 2*a**3/3 - 28*a**2. Is x(-6) a multiple of 4?
True
Suppose -l + 4*q = -501, 17*l - 1014 = 15*l - 4*q. Does 16 divide l?
False
Suppose 0 = 3*k - 3*i - 2478, 34 + 804 = k + 2*i. Is 34 a factor of k?
False
Let a(o) = 139 + 180*o**2 - 31 + 2*o - 181*o**2. Is a(0) a multiple of 30?
False
Suppose 2*g - 4*w + 887 = 5*g, 0 = g + 3*w - 294. Does 11 divide g?
True
Let m be 4/14 - (-1520)/70. Let x = -22 + m. Does 8 divide 18 - (3 + x + -1)?
True
Suppose -5*i + 2397 = 61*d - 58*d, -2*d - 1900 = -4*i. Is 9 a factor of i?
True
Let b be (-3)/(-15) - (-38)/10. Is (26/b)/(10/20) a multiple of 13?
True
Suppose -f - 2 = 6. Let g be 4 - 2 - (-1 + f). Let z = -3 + g. Does 4 divide z?
True
Let a(j) = 42*j**2 + j. Let l = -71 - -70. Is 12 a factor of a(l)?
False
Suppose -2435 + 251 = -4*d. Suppose -7*m + d = -84. Is m a multiple of 37?
False
Let x(i) = i**3 + 7*i**2 - 7*i + 18. Let z be x(-8). Is ((-25)/(-10))/(1/z) a multiple of 13?
False
Suppose 284 = c - u, -4*u - u + 860 = 3*c. Is 69 a factor of c?
False
Let s(i) = -i**3 + 7*i**2 + 3*i - 1. Suppose 3*a - 2*j = -4*j + 16, -4*a + 2*j = 2. Let w(l) = l**3 - 2*l**2 + 2*l. Let p be w(a). Is s(p) a multiple of 12?
False
Suppose -4*w + 10 = w. Suppose -2*l - w*l = 24. Let j(t) = t**3 + 7*t**2 - 6*t + 2. Does 37 divide j(l)?
True
Does 42 divide (-3 + 297)*(5 - (3 - 2))?
True
Suppose 915*v + 1080 = 924*v. Is v a multiple of 29?
False
Let j(y) = 79*y + 1. Let p be -3*(4 + (-22)/6). Let f be j(p). Let o = f + 109. Does 10 divide o?
False
Let z(v) = v**2. Let w(m) = 9*m**2 - 11*m + 12. Let o(a) = w(a) - 5*z(a). Let x = -24 - -30. Does 28 divide o(x)?
False
Suppose -10*c = -3*c - 1729. Suppose -4*o = -153 - c. Does 10 divide o?
True
Let j be (-30)/4*(-64 + 42/7). Let f = -309 + j. Does 18 divide f?
True
Suppose -5 - 25 = 6*h. Is 33 a factor of ((-992)/h)/2 - 18/90?
True
Let x be 1/(-2) + (-5)/(-2). Suppose 0 = -4*c + 5*v, -3*c = -6*c + x*v. Is 22 a factor of 1 + (40 - c) + 3?
True
Suppose -7*r + 5*r + 22 = 0. Let c = 37 - r. Does 13 divide c?
True
Let q(g) = -13*g**3 + 7*g**3 + 5*g**3. Let r be q(-2). Suppose -r = -5*t + 7. Is 2 a factor of t?
False
Let z = 19 + -17. Let x be 12/2*z/4. Suppose 4*v = -4*n + 73 + 187, x*v + 4*n - 197 = 0. Is v a multiple of 21?
True
Does 44 divide ((55/(-10))/(-11))/(1/176)?
True
Let i = -21 - -25. Suppose i*m + 2*c + 8 = 0, -4 = -5*m + m + c. Suppose m*y = 5*y - 275. Is 12 a factor of y?
False
Suppose -23*i = 467 - 9069. Is 33 a factor of i?
False
Let n be 4/14 + (-10525)/(-35). Suppose -2*i + 2*u = -298, 0*u - 3*u - n = -2*i. Is i a multiple of 43?
False
Let r(s) = 2*s - 2. Let w be r(9). Suppose -5 - w = -3*a. Let l(q) = q**3 - 7*q**2 - q + 15. Is 2 a factor of l(a)?
True
Let l(o) = -o**3 + 10*o**2 - o + 5. Suppose 3 = f - 5*a + 4*a, 0 = -2*f + 4*a + 2. Is 25 a factor of l(f)?
True
Let h be (-3 + (-44)/(-12))*6. Suppose h*q - 26 = -6. Is 5 a factor of q?
True
Suppose 4*m - 4*z = z - 295, 0 = -2*m + 2*z - 146. Let q = m - -126. Does 13 divide q?
False
Let t be (-18)/(-27) + 2/(-3). Let r be 7 + (-6)/(2 + t). Is (-46)/((-1)/(r/4)) a multiple of 23?
True
Let n(c) = -47*c + 47. Is 59 a factor of n(-11)?
False
Is 11 a factor of (-29183)/22*(-22)/11?
False
Let q = 189 - 131. Is 10 a factor of q?
False
Suppose -4811 = -5*f - 471. Does 28 divide f?
True
Suppose n - 113 - 45 = 0. Is 12 a factor of n?
False
Let c(w) = 39*w**2 + w. Let q be c(1). Let t be 1 - 0/4 - q. Let v = t - -65. Is v a multiple of 26?
True
Let x(c) = -c**3 - c**2 + 5*c - 3. Suppose -2*k = -l - 7 + 3, -5*k + 24 = l. Suppose f = -8 + k. Is 13 a factor of x(f)?
False
Let v be 70 + -2 + -2 + 6. Suppose 7*n - v + 303 = 0. Let a = 49 + n. Is a a multiple of 5?
False
Let g(b) = -4*b - 13. Let v be g(-7). Suppose v*j - 17*j = 0. Suppose -4*l + 16 = -j*l. Does 2 divide l?
True
Suppose -3*w = 0, 4*o - 3*o = 3*w + 1042. Is 5 a factor of o?
False
Suppose 690 = 4*f + 2*b, -3*f + 492 = 4*b - 38. Suppose 2*z + 20 - f = 0. Suppose c - z = -4*c. Does 5 divide c?
True
Suppose z = -0 + 1, 2*j = -5*z + 73. Is 28 a factor of j?
False
Let d be (-3)/((-33)/3467) + 2/(-11). Is 3 a factor of (24/(-7))/(9/(d/(-10)))?
True
Let k be ((-4)/6)/((-20)/(-30)). Let s = k - -1. Suppose 2*d + 3*d - t - 72 = 0, 5*d - 5*t - 80 = s. Is d a multiple of 4?
False
Suppose -4*i + 2*k + 30 = 0, -3*i + 9*k + 40 = 4*k. Suppose v - 523 = -i*j, -2*j = 3*j + 4*v - 532. Does 13 divide j?
True
Suppose 5*y - 26 = c, 0 = c + 2*c + 4*y + 21. Let z = 78 - c. Does 9 divide z?
False
Does 50 divide (-3)/(-8) - 37032/(-64)?
False
Suppose 0 = -13*v + 7552 + 677. Is 43 a factor of v?
False
Suppose l = 2*r + 4*l - 9, -4*r + 4*l + 48 = 0. Is (-2 - 88/10)*(-60)/r a multiple of 7?
False
Let h = -35 + 39. Suppose -a + 220 = h*a. Is 11 a factor of a?
True
Let o(h) = h**2 - 23*h + 20. Let b be o(23). Let v = 36 + b. Is v a multiple of 28?
True
Let d(m) = -10*m + 147. Is d(-33) a multiple of 4?
False
Suppose 0 = c - 2*j + 3, 5*c = -2*j - j + 24. Suppose 0 = -n - 5*q + 25, -103 = -c*n + 2*q - 3*q. Is 6 a factor of (-10)/n + (-888)/(-21)?
True
Suppose -495*b - 304 = -497*b. Is b a multiple of 38?
True
Let r = 7 + -9. Does 25 divide (-153)/r + 18/(-12)?
True
Suppose 50 = -5*f + 4*g, 0 = -f - 0*g + g - 11. Is 93 - f - 9/3 a multiple of 12?
True
Let i = -43 - -37. Let w(m) = 2*m**2 - 4*m + 3. Is 20 a factor of w(i)?
False
Suppose -4*a = 5*w - 5*a - 1334, 4*a = -4*w + 1048. Is 14 a factor of w?
True
Let l(a) be the third derivative of a**5/60 + a**4/12 - a**3/3 + 13*a**2 - 2. Suppose -3*b = -2*t + 3 + 2, 3*b - 23 = -5*t. Is 5 a factor of l(t)?
False
Suppose 89 = a + h, 0 = 2*a + 4*h - 8*h - 178. Is 16 a factor of a?
False
Is ((-85)/10)/(609/306 + -2) a multiple of 10?
False
Let z(p) = p**2 - 3*p - 1. Suppose 252 = 5*o + 42. Let k be (o/14)/(3/(-2)). Does 2 divide z(k)?
False
Suppose 4*x - 14168 = -84*x. Does 23 divide x?
True
Suppose w + 4*y - 21 = 11, 2*y + 26 = 3*w. Does 18 divide 24/(2/w + (-7)/(-42))?
True
Is 8 a factor of (43 - (-4)/2)*280/25?
True
Let w(i) = -9*i. Let a(l) be the second derivative of -l**5/20 - l**4/6 + l**3/2 - l**2/2 + 3*l. Let m be a(-3). Is w(m) a multiple of 2?
False
Is 22 a factor of ((-20)/(-8))/((-7)/(-938))?
False
Let c(f) = -6*f**3 - f - 2. Let x be c(-1). Suppose x*a - 405 = 190. Does 17 divide a?
True
Suppose m + 4*r - 63 = 0, m - 35 = r + 43. Is 5 a factor of m?
True
Let a(x) = 11*x - 3. Let g(t) = -12*t + 3. Let l(i) = 2*a(i) + 3*g(i). Let m be l(4). Let w = m - -77. Does 8 divide w?
True
Let m(u) be the first derivative of u**4/6 - u**3/2 + u**2 + u + 2. Let z(l) be the first derivative of m(l). Is 2 a factor of z(2)?
True
Suppose 2*h - 1 = 2*a - 5*a, -4*h = 4*a + 